{"id":622,"date":"2018-09-02T23:29:17","date_gmt":"2018-09-02T22:29:17","guid":{"rendered":"http:\/\/www.optica-andorrana.com\/blog\/?page_id=622"},"modified":"2020-12-21T04:54:19","modified_gmt":"2020-12-21T03:54:19","slug":"atencio-al-client","status":"publish","type":"page","link":"https:\/\/www.optica-andorrana.com\/ca\/atencio-al-client\/","title":{"rendered":"Atenci\u00f3 al client"},"content":{"rendered":"[et_pb_section fb_built=&#8221;1&#8243; _builder_version=&#8221;3.22&#8243; da_is_popup=&#8221;off&#8221; da_exit_intent=&#8221;off&#8221; da_has_close=&#8221;on&#8221; da_alt_close=&#8221;off&#8221; da_dark_close=&#8221;off&#8221; da_not_modal=&#8221;on&#8221; da_is_singular=&#8221;off&#8221; da_with_loader=&#8221;off&#8221; da_has_shadow=&#8221;on&#8221; da_disable_devices=&#8221;off|off|off&#8221;][et_pb_row _builder_version=&#8221;3.25&#8243;][et_pb_column type=&#8221;4_4&#8243; _builder_version=&#8221;3.0.47&#8243; custom_padding=&#8221;|||&#8221; custom_padding__hover=&#8221;|||&#8221;][et_pb_image src=&#8221;https:\/\/www.optica-andorrana.com\/wp-content\/uploads\/2018\/09\/atencion-al-cliente-personalizada.jpg&#8221; align_tablet=&#8221;center&#8221; align_phone=&#8221;&#8221; align_last_edited=&#8221;on|desktop&#8221; _builder_version=&#8221;4.7.7&#8243; custom_margin=&#8221;0px|||&#8221; hover_enabled=&#8221;0&#8243; admin_label=&#8221;Imagen&#8221; sticky_enabled=&#8221;0&#8243; alt=&#8221;Personal d&#8217;atenci\u00f3 a client somrient&#8221; title_text=&#8221;Posem a la teva disposici\u00f3 un servei d&#8217;atenci\u00f3 a client per resoldre dubtes, recollir suggeriments i resoldre qualsevol problema&#8221;][\/et_pb_image][et_pb_text admin_label=&#8221;T\u00edtulo&#8221; _builder_version=&#8221;3.27.4&#8243; text_font=&#8221;|600|||||||&#8221; header_font=&#8221;|700|||||||&#8221; header_text_color=&#8221;#e00000&#8243; header_2_font=&#8221;|700|||||||&#8221; header_2_text_color=&#8221;#e00000&#8243; header_2_line_height=&#8221;1.1em&#8221; custom_margin=&#8221;||0.3em|&#8221;]\n<h1 class=\"entry-title\" rel=\"bookmark\">Atenci\u00f3 al client<\/h1>\n[\/et_pb_text][et_pb_text _builder_version=&#8221;4.7.7&#8243; header_text_color=&#8221;#e00000&#8243; header_2_text_color=&#8221;#e00000&#8243; header_2_line_height=&#8221;1.1em&#8221; text_orientation=&#8221;justified&#8221; custom_margin=&#8221;||0.3em|&#8221; hover_enabled=&#8221;0&#8243; admin_label=&#8221;Texto&#8221; sticky_enabled=&#8221;0&#8243;]Estem a la teva disposici\u00f3 per ajudar-te, per resoldre els teus dubtes, per atendre les teves sol\u2022licituds i per acollir els teus suggeriments.<\/p>\n<p>Volem con\u00e8ixer la teva opini\u00f3, ens interessa, ens ajuda a millorar.<\/p>\n<p>Per aquest motiu volem posar-t&#8217;ho f\u00e0cil, perqu\u00e8 quan ens busquis ens trobis:<\/p>\n<p><i class=\"fa fa-envelope rojo\"><\/i> Correu electr\u00f2nic: <a href=\"mailto:info@optica-andorrana.com\">info@optica-andorrana.com<\/a><\/p>\n<p><i class=\"fa fa-facebook-f rojo\"><\/i> Facebook: <a href=\"http:\/\/facebook.com\/laandorrana\" target=\"_blank\" rel=\"noopener noreferrer\">facebook.com\/laandorrana<\/a><\/p>\n<p>I, si vols mantenir-te al dia de les nostres novetats, ofertes i promocions, subscriu-te al nostre butllet\u00ed.<br \/>\n[\/et_pb_text][\/et_pb_column][\/et_pb_row][\/et_pb_section]\n<span class=\"updated dn\">2 setembre,2018<\/span>","protected":false},"excerpt":{"rendered":"<p>Atenci\u00f3 al client Estem a la teva disposici\u00f3 per ajudar-te, per resoldre els teus dubtes, per atendre les teves sol\u2022licituds i per acollir els teus suggeriments. Volem con\u00e8ixer la teva opini\u00f3, ens interessa, ens ajuda a millorar. Per aquest motiu volem posar-t&#8217;ho f\u00e0cil, perqu\u00e8 quan ens busquis ens trobis: Correu electr\u00f2nic: info@optica-andorrana.com Facebook: facebook.com\/laandorrana I, [&hellip;]<\/p>\n","protected":false},"author":1,"featured_media":0,"parent":0,"menu_order":0,"comment_status":"closed","ping_status":"closed","template":"","meta":{"_acf_changed":false,"_et_pb_use_builder":"on","_et_pb_old_content":"","_et_gb_content_width":"","footnotes":""},"class_list":["post-622","page","type-page","status-publish","hentry"],"acf":[],"yoast_head":"<!-- This site is optimized with the Yoast SEO plugin v27.5 - https:\/\/yoast.com\/product\/yoast-seo-wordpress\/ -->\n<title>Atenci\u00f3 al client - \u00d3ptica Andorrana<\/title>\n<meta name=\"robots\" content=\"index, follow, max-snippet:-1, max-image-preview:large, max-video-preview:-1\" \/>\n<link rel=\"canonical\" href=\"https:\/\/www.optica-andorrana.com\/ca\/atencio-al-client\/\" \/>\n<meta property=\"og:locale\" content=\"ca_ES\" \/>\n<meta property=\"og:type\" content=\"article\" \/>\n<meta property=\"og:title\" content=\"Atenci\u00f3 al client - \u00d3ptica Andorrana\" \/>\n<meta property=\"og:description\" content=\"Atenci\u00f3 al client Estem a la teva disposici\u00f3 per ajudar-te, per resoldre els teus dubtes, per atendre les teves sol\u2022licituds i per acollir els teus suggeriments. Volem con\u00e8ixer la teva opini\u00f3, ens interessa, ens ajuda a millorar. Per aquest motiu volem posar-t&#039;ho f\u00e0cil, perqu\u00e8 quan ens busquis ens trobis: Correu electr\u00f2nic: info@optica-andorrana.com Facebook: facebook.com\/laandorrana I, [&hellip;]\" \/>\n<meta property=\"og:url\" content=\"https:\/\/www.optica-andorrana.com\/ca\/atencio-al-client\/\" \/>\n<meta property=\"og:site_name\" content=\"\u00d3ptica Andorrana\" \/>\n<meta property=\"article:publisher\" content=\"https:\/\/www.facebook.com\/laandorrana\/\" \/>\n<meta property=\"article:modified_time\" content=\"2020-12-21T03:54:19+00:00\" \/>\n<meta name=\"twitter:card\" content=\"summary_large_image\" \/>\n<meta name=\"twitter:site\" content=\"@OpticaAndorrana\" \/>\n<meta name=\"twitter:label1\" content=\"Temps estimat de lectura\" \/>\n\t<meta name=\"twitter:data1\" content=\"1 minut\" \/>\n<script type=\"application\/ld+json\" class=\"yoast-schema-graph\">{\"@context\":\"https:\\\/\\\/schema.org\",\"@graph\":[{\"@type\":\"WebPage\",\"@id\":\"https:\\\/\\\/www.optica-andorrana.com\\\/ca\\\/atencio-al-client\\\/\",\"url\":\"https:\\\/\\\/www.optica-andorrana.com\\\/ca\\\/atencio-al-client\\\/\",\"name\":\"Atenci\u00f3 al client - \u00d3ptica Andorrana\",\"isPartOf\":{\"@id\":\"https:\\\/\\\/www.optica-andorrana.com\\\/ca\\\/#website\"},\"datePublished\":\"2018-09-02T22:29:17+00:00\",\"dateModified\":\"2020-12-21T03:54:19+00:00\",\"breadcrumb\":{\"@id\":\"https:\\\/\\\/www.optica-andorrana.com\\\/ca\\\/atencio-al-client\\\/#breadcrumb\"},\"inLanguage\":\"ca\",\"potentialAction\":[{\"@type\":\"ReadAction\",\"target\":[\"https:\\\/\\\/www.optica-andorrana.com\\\/ca\\\/atencio-al-client\\\/\"]}]},{\"@type\":\"BreadcrumbList\",\"@id\":\"https:\\\/\\\/www.optica-andorrana.com\\\/ca\\\/atencio-al-client\\\/#breadcrumb\",\"itemListElement\":[{\"@type\":\"ListItem\",\"position\":1,\"name\":\"Portada\",\"item\":\"https:\\\/\\\/www.optica-andorrana.com\\\/ca\\\/\"},{\"@type\":\"ListItem\",\"position\":2,\"name\":\"Atenci\u00f3 al client\"}]},{\"@type\":\"WebSite\",\"@id\":\"https:\\\/\\\/www.optica-andorrana.com\\\/ca\\\/#website\",\"url\":\"https:\\\/\\\/www.optica-andorrana.com\\\/ca\\\/\",\"name\":\"\u00d3ptica Andorrana\",\"description\":\"ed de \u00f3pticas con gafas de sol, gafas graduadas y lentes de contacto de primeras marcas a los siempre rebajados precios de Andorra\",\"publisher\":{\"@id\":\"https:\\\/\\\/www.optica-andorrana.com\\\/ca\\\/#organization\"},\"potentialAction\":[{\"@type\":\"SearchAction\",\"target\":{\"@type\":\"EntryPoint\",\"urlTemplate\":\"https:\\\/\\\/www.optica-andorrana.com\\\/ca\\\/?s={search_term_string}\"},\"query-input\":{\"@type\":\"PropertyValueSpecification\",\"valueRequired\":true,\"valueName\":\"search_term_string\"}}],\"inLanguage\":\"ca\"},{\"@type\":\"Organization\",\"@id\":\"https:\\\/\\\/www.optica-andorrana.com\\\/ca\\\/#organization\",\"name\":\"\u00d3ptica Andorrana\",\"url\":\"https:\\\/\\\/www.optica-andorrana.com\\\/ca\\\/\",\"logo\":{\"@type\":\"ImageObject\",\"inLanguage\":\"ca\",\"@id\":\"https:\\\/\\\/www.optica-andorrana.com\\\/ca\\\/#\\\/schema\\\/logo\\\/image\\\/\",\"url\":\"https:\\\/\\\/www.optica-andorrana.com\\\/wp-content\\\/uploads\\\/2022\\\/12\\\/logo-pie.png\",\"contentUrl\":\"https:\\\/\\\/www.optica-andorrana.com\\\/wp-content\\\/uploads\\\/2022\\\/12\\\/logo-pie.png\",\"width\":300,\"height\":274,\"caption\":\"\u00d3ptica Andorrana\"},\"image\":{\"@id\":\"https:\\\/\\\/www.optica-andorrana.com\\\/ca\\\/#\\\/schema\\\/logo\\\/image\\\/\"},\"sameAs\":[\"https:\\\/\\\/www.facebook.com\\\/laandorrana\\\/\",\"https:\\\/\\\/x.com\\\/OpticaAndorrana\",\"https:\\\/\\\/www.instagram.com\\\/opticaandorrana\\\/\",\"https:\\\/\\\/www.linkedin.com\\\/company\\\/optica-andorrana\"]}]}<\/script>\n<!-- \/ Yoast SEO plugin. -->","yoast_head_json":{"title":"Atenci\u00f3 al client - \u00d3ptica Andorrana","robots":{"index":"index","follow":"follow","max-snippet":"max-snippet:-1","max-image-preview":"max-image-preview:large","max-video-preview":"max-video-preview:-1"},"canonical":"https:\/\/www.optica-andorrana.com\/ca\/atencio-al-client\/","og_locale":"ca_ES","og_type":"article","og_title":"Atenci\u00f3 al client - \u00d3ptica Andorrana","og_description":"Atenci\u00f3 al client Estem a la teva disposici\u00f3 per ajudar-te, per resoldre els teus dubtes, per atendre les teves sol\u2022licituds i per acollir els teus suggeriments. Volem con\u00e8ixer la teva opini\u00f3, ens interessa, ens ajuda a millorar. Per aquest motiu volem posar-t'ho f\u00e0cil, perqu\u00e8 quan ens busquis ens trobis: Correu electr\u00f2nic: info@optica-andorrana.com Facebook: facebook.com\/laandorrana I, [&hellip;]","og_url":"https:\/\/www.optica-andorrana.com\/ca\/atencio-al-client\/","og_site_name":"\u00d3ptica Andorrana","article_publisher":"https:\/\/www.facebook.com\/laandorrana\/","article_modified_time":"2020-12-21T03:54:19+00:00","twitter_card":"summary_large_image","twitter_site":"@OpticaAndorrana","twitter_misc":{"Temps estimat de lectura":"1 minut"},"schema":{"@context":"https:\/\/schema.org","@graph":[{"@type":"WebPage","@id":"https:\/\/www.optica-andorrana.com\/ca\/atencio-al-client\/","url":"https:\/\/www.optica-andorrana.com\/ca\/atencio-al-client\/","name":"Atenci\u00f3 al client - \u00d3ptica Andorrana","isPartOf":{"@id":"https:\/\/www.optica-andorrana.com\/ca\/#website"},"datePublished":"2018-09-02T22:29:17+00:00","dateModified":"2020-12-21T03:54:19+00:00","breadcrumb":{"@id":"https:\/\/www.optica-andorrana.com\/ca\/atencio-al-client\/#breadcrumb"},"inLanguage":"ca","potentialAction":[{"@type":"ReadAction","target":["https:\/\/www.optica-andorrana.com\/ca\/atencio-al-client\/"]}]},{"@type":"BreadcrumbList","@id":"https:\/\/www.optica-andorrana.com\/ca\/atencio-al-client\/#breadcrumb","itemListElement":[{"@type":"ListItem","position":1,"name":"Portada","item":"https:\/\/www.optica-andorrana.com\/ca\/"},{"@type":"ListItem","position":2,"name":"Atenci\u00f3 al client"}]},{"@type":"WebSite","@id":"https:\/\/www.optica-andorrana.com\/ca\/#website","url":"https:\/\/www.optica-andorrana.com\/ca\/","name":"\u00d3ptica Andorrana","description":"ed de \u00f3pticas con gafas de sol, gafas graduadas y lentes de contacto de primeras marcas a los siempre rebajados precios de Andorra","publisher":{"@id":"https:\/\/www.optica-andorrana.com\/ca\/#organization"},"potentialAction":[{"@type":"SearchAction","target":{"@type":"EntryPoint","urlTemplate":"https:\/\/www.optica-andorrana.com\/ca\/?s={search_term_string}"},"query-input":{"@type":"PropertyValueSpecification","valueRequired":true,"valueName":"search_term_string"}}],"inLanguage":"ca"},{"@type":"Organization","@id":"https:\/\/www.optica-andorrana.com\/ca\/#organization","name":"\u00d3ptica Andorrana","url":"https:\/\/www.optica-andorrana.com\/ca\/","logo":{"@type":"ImageObject","inLanguage":"ca","@id":"https:\/\/www.optica-andorrana.com\/ca\/#\/schema\/logo\/image\/","url":"https:\/\/www.optica-andorrana.com\/wp-content\/uploads\/2022\/12\/logo-pie.png","contentUrl":"https:\/\/www.optica-andorrana.com\/wp-content\/uploads\/2022\/12\/logo-pie.png","width":300,"height":274,"caption":"\u00d3ptica Andorrana"},"image":{"@id":"https:\/\/www.optica-andorrana.com\/ca\/#\/schema\/logo\/image\/"},"sameAs":["https:\/\/www.facebook.com\/laandorrana\/","https:\/\/x.com\/OpticaAndorrana","https:\/\/www.instagram.com\/opticaandorrana\/","https:\/\/www.linkedin.com\/company\/optica-andorrana"]}]}},"_links":{"self":[{"href":"https:\/\/www.optica-andorrana.com\/ca\/wp-json\/wp\/v2\/pages\/622","targetHints":{"allow":["GET"]}}],"collection":[{"href":"https:\/\/www.optica-andorrana.com\/ca\/wp-json\/wp\/v2\/pages"}],"about":[{"href":"https:\/\/www.optica-andorrana.com\/ca\/wp-json\/wp\/v2\/types\/page"}],"author":[{"embeddable":true,"href":"https:\/\/www.optica-andorrana.com\/ca\/wp-json\/wp\/v2\/users\/1"}],"replies":[{"embeddable":true,"href":"https:\/\/www.optica-andorrana.com\/ca\/wp-json\/wp\/v2\/comments?post=622"}],"version-history":[{"count":16,"href":"https:\/\/www.optica-andorrana.com\/ca\/wp-json\/wp\/v2\/pages\/622\/revisions"}],"predecessor-version":[{"id":13627,"href":"https:\/\/www.optica-andorrana.com\/ca\/wp-json\/wp\/v2\/pages\/622\/revisions\/13627"}],"wp:attachment":[{"href":"https:\/\/www.optica-andorrana.com\/ca\/wp-json\/wp\/v2\/media?parent=622"}],"curies":[{"name":"wp","href":"https:\/\/api.w.org\/{rel}","templated":true}]}}

Atenció al client

[et_pb_section fb_built=&#8221;1&#8243; _builder_version=&#8221;3.22&#8243; da_is_popup=&#8221;off&#8221; da_exit_intent=&#8221;off&#8221; da_has_close=&#8221;on&#8221; da_alt_close=&#8221;off&#8221; da_dark_close=&#8221;off&#8221; da_not_modal=&#8221;on&#8221; da_is_singular=&#8221;off&#8221; da_with_loader=&#8221;off&#8221; da_has_shadow=&#8221;on&#8221; da_disable_devices=&#8221;off|off|off&#8221;][et_pb_row _builder_version=&#8221;3.25&#8243;][et_pb_column type=&#8221;4_4&#8243; _builder_version=&#8221;3.0.47&#8243; custom_padding=&#8221;|||&#8221; custom_padding__hover=&#8221;|||&#8221;][et_pb_image src=&#8221;https://www.optica-andorrana.com/wp-content/uploads/2018/09/atencion-al-cliente-personalizada.jpg&#8221; align_tablet=&#8221;center&#8221; align_phone=&#8221;&#8221; align_last_edited=&#8221;on|desktop&#8221; _builder_version=&#8221;4.7.7&#8243; custom_margin=&#8221;0px|||&#8221; hover_enabled=&#8221;0&#8243; admin_label=&#8221;Imagen&#8221; sticky_enabled=&#8221;0&#8243; alt=&#8221;Personal d&#8217;atenció a client somrient&#8221; title_text=&#8221;Posem a la teva disposició un servei d&#8217;atenció a client per resoldre dubtes, recollir suggeriments i resoldre qualsevol problema&#8221;][/et_pb_image][et_pb_text admin_label=&#8221;Título&#8221; _builder_version=&#8221;3.27.4&#8243; text_font=&#8221;|600|||||||&#8221; header_font=&#8221;|700|||||||&#8221; header_text_color=&#8221;#e00000&#8243; header_2_font=&#8221;|700|||||||&#8221; header_2_text_color=&#8221;#e00000&#8243; header_2_line_height=&#8221;1.1em&#8221; custom_margin=&#8221;||0.3em|&#8221;]
<h1 class="entry-title" rel="bookmark">Atenció al client</h1>
[/et_pb_text][et_pb_text _builder_version=&#8221;4.7.7&#8243; header_text_color=&#8221;#e00000&#8243; header_2_text_color=&#8221;#e00000&#8243; header_2_line_height=&#8221;1.1em&#8221; text_orientation=&#8221;justified&#8221; custom_margin=&#8221;||0.3em|&#8221; hover_enabled=&#8221;0&#8243; admin_label=&#8221;Texto&#8221; sticky_enabled=&#8221;0&#8243;]Estem a la teva disposició per ajudar-te, per resoldre els teus dubtes, per atendre les teves sol•licituds i per acollir els teus suggeriments.</p>
<p>Volem conèixer la teva opinió, ens interessa, ens ajuda a millorar.</p>
<p>Per aquest motiu volem posar-t&#8217;ho fàcil, perquè quan ens busquis ens trobis:</p>
<p><i class="fa fa-envelope rojo"></i> Correu electrònic: <a href="mailto:info@optica-andorrana.com">info@optica-andorrana.com</a></p>
<p><i class="fa fa-facebook-f rojo"></i> Facebook: <a href="http://facebook.com/laandorrana" target="_blank" rel="noopener noreferrer">facebook.com/laandorrana</a></p>
<p>I, si vols mantenir-te al dia de les nostres novetats, ofertes i promocions, subscriu-te al nostre butlletí.<br />
[/et_pb_text][/et_pb_column][/et_pb_row][/et_pb_section]
<span class="updated dn">2 setembre,2018</span>

<p>Atenció al client Estem a la teva disposició per ajudar-te, per resoldre els teus dubtes, per atendre les teves sol•licituds i per acollir els teus suggeriments. Volem conèixer la teva opinió, ens interessa, ens ajuda a millorar. Per aquest motiu volem posar-t&#8217;ho fàcil, perquè quan ens busquis ens trobis: Correu electrònic: info@optica-andorrana.com Facebook: facebook.com/laandorrana I, [&hellip;]</p>

<!-- This site is optimized with the Yoast SEO plugin v27.5 - https://yoast.com/product/yoast-seo-wordpress/ -->
<title>Atenció al client - Óptica Andorrana</title>
<meta name="robots" content="index, follow, max-snippet:-1, max-image-preview:large, max-video-preview:-1" />
<link rel="canonical" href="https://www.optica-andorrana.com/ca/atencio-al-client/" />
<meta property="og:locale" content="ca_ES" />
<meta property="og:type" content="article" />
<meta property="og:title" content="Atenció al client - Óptica Andorrana" />
<meta property="og:description" content="Atenció al client Estem a la teva disposició per ajudar-te, per resoldre els teus dubtes, per atendre les teves sol•licituds i per acollir els teus suggeriments. Volem conèixer la teva opinió, ens interessa, ens ajuda a millorar. Per aquest motiu volem posar-t&#039;ho fàcil, perquè quan ens busquis ens trobis: Correu electrònic: info@optica-andorrana.com Facebook: facebook.com/laandorrana I, [&hellip;]" />
<meta property="og:url" content="https://www.optica-andorrana.com/ca/atencio-al-client/" />
<meta property="og:site_name" content="Óptica Andorrana" />
<meta property="article:publisher" content="https://www.facebook.com/laandorrana/" />
<meta property="article:modified_time" content="2020-12-21T03:54:19+00:00" />
<meta name="twitter:card" content="summary_large_image" />
<meta name="twitter:site" content="@OpticaAndorrana" />
<meta name="twitter:label1" content="Temps estimat de lectura" />
	<meta name="twitter:data1" content="1 minut" />
<script type="application/ld+json" class="yoast-schema-graph">{"@context":"https:\/\/schema.org","@graph":[{"@type":"WebPage","@id":"https:\/\/www.optica-andorrana.com\/ca\/atencio-al-client\/","url":"https:\/\/www.optica-andorrana.com\/ca\/atencio-al-client\/","name":"Atenció al client - Óptica Andorrana","isPartOf":{"@id":"https:\/\/www.optica-andorrana.com\/ca\/#website"},"datePublished":"2018-09-02T22:29:17+00:00","dateModified":"2020-12-21T03:54:19+00:00","breadcrumb":{"@id":"https:\/\/www.optica-andorrana.com\/ca\/atencio-al-client\/#breadcrumb"},"inLanguage":"ca","potentialAction":[{"@type":"ReadAction","target":["https:\/\/www.optica-andorrana.com\/ca\/atencio-al-client\/"]}]},{"@type":"BreadcrumbList","@id":"https:\/\/www.optica-andorrana.com\/ca\/atencio-al-client\/#breadcrumb","itemListElement":[{"@type":"ListItem","position":1,"name":"Portada","item":"https:\/\/www.optica-andorrana.com\/ca\/"},{"@type":"ListItem","position":2,"name":"Atenció al client"}]},{"@type":"WebSite","@id":"https:\/\/www.optica-andorrana.com\/ca\/#website","url":"https:\/\/www.optica-andorrana.com\/ca\/","name":"Óptica Andorrana","description":"ed de ópticas con gafas de sol, gafas graduadas y lentes de contacto de primeras marcas a los siempre rebajados precios de Andorra","publisher":{"@id":"https:\/\/www.optica-andorrana.com\/ca\/#organization"},"potentialAction":[{"@type":"SearchAction","target":{"@type":"EntryPoint","urlTemplate":"https:\/\/www.optica-andorrana.com\/ca\/?s={search_term_string}"},"query-input":{"@type":"PropertyValueSpecification","valueRequired":true,"valueName":"search_term_string"}}],"inLanguage":"ca"},{"@type":"Organization","@id":"https:\/\/www.optica-andorrana.com\/ca\/#organization","name":"Óptica Andorrana","url":"https:\/\/www.optica-andorrana.com\/ca\/","logo":{"@type":"ImageObject","inLanguage":"ca","@id":"https:\/\/www.optica-andorrana.com\/ca\/#\/schema\/logo\/image\/","url":"https:\/\/www.optica-andorrana.com\/wp-content\/uploads\/2022\/12\/logo-pie.png","contentUrl":"https:\/\/www.optica-andorrana.com\/wp-content\/uploads\/2022\/12\/logo-pie.png","width":300,"height":274,"caption":"Óptica Andorrana"},"image":{"@id":"https:\/\/www.optica-andorrana.com\/ca\/#\/schema\/logo\/image\/"},"sameAs":["https:\/\/www.facebook.com\/laandorrana\/","https:\/\/x.com\/OpticaAndorrana","https:\/\/www.instagram.com\/opticaandorrana\/","https:\/\/www.linkedin.com\/company\/optica-andorrana"]}]}</script>
<!-- / Yoast SEO plugin. -->

Atenció al client - Óptica Andorrana

Atenció al client Estem a la teva disposició per ajudar-te, per resoldre els teus dubtes, per atendre les teves sol•licituds i per acollir els teus suggeriments. Volem conèixer la teva opinió, ens interessa, ens ajuda a millorar. Per aquest motiu volem posar-t'ho fàcil, perquè quan ens busquis ens trobis: Correu electrònic: info@optica-andorrana.com Facebook: facebook.com/laandorrana I, [&hellip;]

Óptica Andorrana

ed de ópticas con gafas de sol, gafas graduadas y lentes de contacto de primeras marcas a los siempre rebajados precios de Andorra
